Is g composite?
False
Suppose -5*g - 4*t + 310 + 232 = 0, -306 = -3*g + 4*t. Is g composite?
True
Let z be 4/(-20) - (-42)/10. Let o = -1 - z. Let h(a) = 8*a**2 + 3*a + 6. Is h(o) composite?
False
Let d = -20 + 5. Suppose -5*h = -20, 2*h = -3*o + 244 - 92. Let f = o + d. Is f prime?
False
Suppose t - 3*w + 41 = 2*t, 0 = -3*t - w + 115. Is t a prime number?
False
Let a = -127 - -394. Is a a composite number?
True
Suppose -2*c + 607 = 5*v, 8 = -c - c. Is v prime?
False
Let j be (-1 - 2)/((-3)/6). Suppose j*k - 10 = k. Suppose 5*n = -3*p + 42, k*p - 4*n - 31 = p. Is p composite?
False
Suppose -101 = -2*x + 4*f - 3, 5*x - 269 = 2*f. Is x prime?
False
Let y(g) = -g**2 - 4*g + 3. Let s be y(-4). Suppose 37 = 4*c + c - 3*r, s*c = -4*r - 1. Suppose -5*p - c*b + 4*b = -385, -4*p - 5*b + 308 = 0. Is p prime?
False
Let y = -21 + 67. Is y composite?
True
Let x be 3/(-6)*0/1. Suppose 0 = 3*r - 3*i - 15, 0 = -4*r - 8*i + 3*i + 20. Suppose r*t - 2*t - 75 = x. Is t prime?
False
Suppose -3*r = 12, -16*x - 5*r = -11*x - 5285. Is x prime?
True
Suppose 353 = 4*i - n, 0*n + 4*n = 5*i - 433. Is i composite?
False
Let o = -30 + 117. Is o composite?
True
Let v be 3*-1*28/21. Is 10/v*(-110)/5 composite?
True
Let l(v) = -81*v + 1. Let s be l(-4). Suppose -400 = -5*r + s. Is r composite?
True
Let o(q) be the third derivative of -53*q**4/24 + 2*q**3/3 - q**2. Is o(-3) a prime number?
True
Let m(z) be the second derivative of 13*z**4/12 - z**3/2 + z**2/2 - 2*z. Is m(-3) a composite number?
False
Suppose y + 4*y - 15 = 0. Suppose -4*v + y*r + 23 = -12, 4*r = -4*v. Suppose -2*a + 81 = v*i, 0*a + i + 162 = 5*a. Is a prime?
False
Let y(j) = 11*j - 7. Let b be -1*1/2*-12. Let u(f) = 11*f - 6. Let s(d) = b*u(d) - 5*y(d). Is s(1) a composite number?
True
Let n = 1132 - 676. Let q(x) = x**3 - 10*x**2 + 8*x - 5. Let k be q(10). Suppose -n + k = -3*l. Is l a composite number?
False
Let m(v) = v + 3. Let y be m(-5). Is (-11 - -10)/(y/170) prime?
False
Is (1 + -2)/(10/(-9410)) prime?
True
Let g(y) = -258*y + 1. Is g(-1) a prime number?
False
Let b be 3/((12/9)/4). Suppose -b + 4 = 5*y. Let w = 15 + y. Is w a composite number?
True
Suppose 2*x - 3*u + 482 = u, 3*u + 3 = 0. Let j = -172 - x. Is j prime?
True
Suppose k + 632 = 5*k. Let b be (k/4)/(2/(-4)). Is b/(-6)*-2*-3 prime?
True
Let q = -164 + -13. Let v = 0 - q. Is v a composite number?
True
Suppose -953 = 4*u + j - 3300, -5*j - 2353 = -4*u. Is u a prime number?
True
Let q(u) = 7*u - 6. Let m be 2 + -1 - 1 - 1. Let o be 0 + 4 - (-1 - m). Is q(o) prime?
False
Let c = 10 - 7. Is 69 - c - (-2 + -1) a composite number?
True
Let l be (-1)/(-2)*(-8 + 2). Is (l/6)/(1/(-158)) a prime number?
True
Let m = 3 + 1. Suppose 3*x = s - x - 123, 3*s - 321 = -m*x. Is s a prime number?
False
Let p = -15 + 18. Suppose -p*x - x = -84. Is x a prime number?
False
Let k = 10 - 8. Suppose -10 = 5*w, -3*f + 101 = -k*w - 98. Is f prime?
False
Let n(b) = b**3 + 26*b**2 - 41*b - 17. Is n(-27) prime?
False
Suppose -i + 366 = 2*m - 3*i, 0 = -m - 5*i + 183. Is m composite?
True
Suppose h = 92 + 63. Suppose 0 = -3*l - 2*l + h. Is l prime?
True
Suppose -2*n + 7*n + 20 = 0, 3*n = 4*x - 2240. Is x a prime number?
True
Let t = 58 + -30. Suppose 5*f - t = 7. Is f a prime number?
True
Suppose -166 = 2*x - 4*x - 5*p, -3*p = 0. Is x composite?
False
Let t(y) be the third derivative of y**4/4 - 5*y**3/6 - 4*y**2. Is t(7) a prime number?
True
Is 60/(-105) + 2094/14 composite?
False
Let w = 1 + 3. Suppose 0 = -5*r + w*y + 365, 3*r = 2*r + 3*y + 62. Is r a composite number?
True
Suppose 95 = -2*r - 4*d + 25, 2*d + 64 = -2*r. Let g = 40 + r. Is g composite?
False
Suppose -c - 830 = -3*c. Is c composite?
True
Suppose -2*j = -4*j - 2. Let k = j - -6. Suppose r + 2 = k. Is r a composite number?
False
Suppose 5*z = -z + 1122. Is z composite?
True
Let n be 1/((-1)/(-57)) - 1. Suppose n - 224 = 3*i. Let r = -21 - i. Is r a prime number?
False
Is 4277/8 - (-33)/88 a prime number?
False
Let h(a) be the second derivative of a**5/20 + a**4/6 - 5*a**3/6 - a**2 - a. Let c be h(-3). Suppose 415 = c*p + p. Is p a composite number?
False
Is 350/15*9/6 prime?
False
Suppose -3*d + 2*m + 1475 = 0, -6*d + d = -3*m - 2459. Is d prime?
False
Let r(y) be the first derivative of 11*y**4/4 - 2*y**3/3 + y**2 - y - 2. Let z be r(1). Suppose -3*n = -d - 0*n + z, 0 = 2*n - 6. Is d prime?
True
Suppose 1965 = 2*m - 7*m - 5*g, -g + 1163 = -3*m. Let p = -168 - m. Is p prime?
False
Let u = -216 + 1225. Is u composite?
False
Suppose -4*d + 2*s = -0*s - 4774, 2*s = -2. Is d composite?
False
Suppose n - y = -3*y + 331, 326 = n + 3*y. Is n a composite number?
True
Let b(a) = -245*a + 9. Is b(-2) composite?
False
Let u(n) = -n**2 - 4*n - 8. Let b be u(-6). Let p = 44 + b. Suppose -11 - p = -a. Is a a composite number?
True
Let b be (-2)/4 - 14/(-4). Suppose -2*k + 5*j = -67, 0*j = j + b. Is k a prime number?
False
Is (-4)/10 + 25249/35 a prime number?
False
Let t(n) = -1 - 4*n**2 + 2*n**2 - 4*n + 4 + 3*n**2. Is t(8) a composite number?
True
Let g(l) = l**3 - 3*l**2 + 3*l + 1. Is g(6) prime?
True
Let g = -60 - -115. Let b = 86 - g. Is b a prime number?
True
Suppose 0 = 2*a - 5*b - 193, -8*a + 3*a = -b - 448. Is a composite?
False
Let w = -682 + 395. Let y = w + 551. Is 1 + y/((-3)/(-1)) prime?
True
Let v be 2/14 + 198/(-14). Is 4/v + (-2589)/(-21) a prime number?
False
Let h(w) = w**2 + 11*w + 9. Let g be h(-8). Let v be (-16)/10*g/6. Suppose -4*k + 120 = m, 64 - 17 = k - v*m. Is k a prime number?
True
Let r be 1/(1/((-2)/(-2))). Suppose -2*f + 2 = -h, 0*h + 2*h - r = -f. Is 43 - (f - 3) - -1 a prime number?
False
Let b(q) = 9*q - 19. Is b(6) a prime number?
False
Let i = -94 + 136. Is i/(-1)*(-6)/12 prime?
False
Let c be (-5)/(-2) - (-2)/(-4). Let v be (190/(-4))/(c/(-4)). Suppose -p + 6*p = v. Is p prime?
True
Let s(y) = y**2 + 33*y - 47. Is s(21) a composite number?
False
Suppose 4*w - 1 = 11. Suppose -2*p + 6 - 32 = r, 54 = -2*r - w*p. Is -633*(3 + r/9) prime?
True
Is (164/(-3))/(2/(-3)) a prime number?
False
Suppose -28*h + 36*h - 3416 = 0. Is h prime?
False
Let m(p) = 1254*p**2 - p. Is m(1) a composite number?
True
Suppose 0 = -6*g + 493 + 233. Is g a composite number?
True
Let q = 1 + 2. Let o(i) = -3 + 6*i**2 - 3*i + 6 + 0 + i**q. Is o(-6) a prime number?
False
Suppose -251 = 4*g - f - 873, 0 = 4*g - 2*f - 624. Is g a composite number?
True
Let z be -3 - -6 - 4 - -75. Suppose 2 = 2*i - z. Is i a prime number?
False
Let q(j) = -156*j**3 + j**2. Is q(-1) prime?
True
Let f(s) = 25*s**2 - s - 1. Let q(i) = -3*i**2 + i + 1. Let j be q(2). Let n be 11/j + (-6)/(-27). Is f(n) prime?
False
Let r(d) = 789*d**2 - d + 1. Is r(1) prime?
False
Suppose 3*v = 3*t + 5070, v + 4*t - 1699 = 2*t. Is v composite?
False
Is ((-1 + 2)/(-2))/((-1)/2062) composite?
False
Let t(p) = 2*p**2 - 9*p + 30. Is t(13) composite?
False
Suppose 8*d - 892 = 124. Is d a prime number?
True
Is 3 - 4*17*-10 prime?
True
Let w = 9 - 32. Is 3/(-1*3)*w a composite number?
False
Let t = 438 + -145. Is t prime?
True
Let h(p) = p**2 - p + 3. Let c be h(4). Is 2/c - 6515/(-75) a prime number?
False
Let n(y) = -2*y. Let w be n(-1). Suppose 5*v - 1335 = -10*j + 5*j, 1064 = 4*j + w*v. Is j a prime number?
False
Suppose -4*f - f = -3*d + 1339, 2223 = 5*d - 4*f. Is d a composite number?
False
Let o(q) = q**2 + 3*q. Let x be o(-3). Suppose x*k + 2*k - 12 = 0. Is ((-644)/k)/(2/(-3)) a prime number?
False
Let w(t) = 16*t - 4. Let d be w(-4). Is d/(-3)*18/12 a prime number?
False
Let v be (-1)/(-3) - (-681)/9. Let g = v + 39. Is g a composite number?
True
Is 15/(-5) + 777 - 5 composite?
False
Suppose -4 = x, 2*x - 6 = w - 18. Suppose w*h + 3*t - 78 = 73, -4*t = h - 54. Is h a prime number?
False
Is (-6)/(-9) + 1137/9 composite?
False
Let f(k) be the third derivative of k**6/120 + k**4/24 - k**3/6 + 7*k**2. Let g(s) = -3*s - 1. Let r be g(-1). Is f(r) a composite number?
True
Suppose 3*k - 692 = 7*k. Let n = k + 252. Is n composite?
False
Let f = 199 - 81. Is f composite?
True
Suppose 72 + 39 = -3*m. Let i = m - -64. Is 2/3*i/6 a composite number?
False
Suppose -m - 68 = -z, -2*z - 70 = -3*z + 3*m. Is z composite?
False
Let u(a) = a**2 + 9*a - 8. Let y be u(-10). Is (-307)/(-4)*(6 - y) prime?
True
Let x(q) = 2*q**2 - 8*q - 3. Is x(-5) composite?
True
Let d =